ainder when 581 is divided by 18.
5
What is the remainder when 246 is divided by 68?
42
Calculate the remainder when 115 is divided by 58.
57
Calculate the remainder when 55 is divided by 12.
7
What is the remainder when 1025 is divided by 18?
17
Calculate the remainder when 2027 is divided by 186.
167
What is the remainder when 14810 is divided by 4?
2
What is the remainder when 4643 is divided by 23?
20
What is the remainder when 174 is divided by 17?
4
What is the remainder when 818 is divided by 9?
8
Calculate the remainder when 1259 is divided by 620.
19
What is the remainder when 31708 is divided by 37?
36
What is the remainder when 858 is divided by 72?
66
What is the remainder when 466 is divided by 13?
11
Calculate the remainder when 181 is divided by 28.
13
What is the remainder when 23 is divided by 12?
11
Calculate the remainder when 20 is divided by 13.
7
Calculate the remainder when 886 is divided by 120.
46
Calculate the remainder when 214 is divided by 44.
38
What is the remainder when 398 is divided by 7?
6
What is the remainder when 99 is divided by 20?
19
Calculate the remainder when 155 is divided by 43.
26
Calculate the remainder when 54 is divided by 6.
0
Calculate the remainder when 3181 is divided by 86.
85
What is the remainder when 9089 is divided by 17?
11
What is the remainder when 1692 is divided by 113?
110
What is the remainder when 47 is divided by 17?
13
Calculate the remainder when 14 is divided by 5.
4
Calculate the remainder when 6509 is divided by 155.
154
Calculate the remainder when 149 is divided by 104.
45
What is the remainder when 873 is divided by 73?
70
Calculate the remainder when 172 is divided by 61.
50
What is the remainder when 1264 is divided by 7?
4
Calculate the remainder when 254 is divided by 64.
62
Calculate the remainder when 29 is divided by 18.
11
What is the remainder when 698 is divided by 20?
18
Calculate the remainder when 11677 is divided by 59.
54
What is the remainder when 3458 is divided by 116?
94
What is the remainder when 407 is divided by 100?
7
What is the remainder when 392 is divided by 4?
0
What is the remainder when 66 is divided by 10?
6
Calculate the remainder when 44 is divided by 15.
14
What is the remainder when 6871 is divided by 4?
3
Calculate the remainder when 471 is divided by 91.
16
What is the remainder when 338 is divided by 23?
16
What is the remainder when 180 is divided by 23?
19
What is the remainder when 345 is divided by 101?
42
Calculate the remainder when 669 is divided by 61.
59
Calculate the remainder when 1745 is divided by 125.
120
What is the remainder when 170 is divided by 44?
38
Calculate the remainder when 133 is divided by 11.
1
What is the remainder when 723 is divided by 17?
9
What is the remainder when 191 is divided by 51?
38
What is the remainder when 234 is divided by 60?
54
What is the remainder when 310 is divided by 31?
0
Calculate the remainder when 44 is divided by 5.
4
What is the remainder when 2141 is divided by 153?
152
What is the remainder when 643 is divided by 34?
31
Calculate the remainder when 305 is divided by 7.
4
What is the remainder when 3201 is divided by 6?
3
What is the remainder when 177 is divided by 11?
1
What is the remainder when 219 is divided by 47?
31
Calculate the remainder when 848 is divided by 423.
2
Calculate the remainder when 187 is divided by 63.
61
What is the remainder when 76 is divided by 32?
12
What is the remainder when 416 is divided by 82?
6
What is the remainder when 368 is divided by 74?
72
What is the remainder when 322 is divided by 26?
10
Calculate the remainder when 397 is divided by 21.
19
What is the remainder when 227 is divided by 46?
43
Calculate the remainder when 15249 is divided by 186.
183
Calculate the remainder when 116 is divided by 70.
46
Calculate the remainder when 3509 is divided by 130.
129
What is the remainder when 870 is divided by 52?
38
What is the remainder when 251 is divided by 119?
13
Calculate the remainder when 543 is divided by 16.
15
What is the remainder when 17675 is divided by 17?
12
What is the remainder when 105 is divided by 41?
23
Calculate the remainder when 97 is divided by 49.
48
What is the remainder when 67 is divided by 19?
10
What is the remainder when 51 is divided by 19?
13
Calculate the remainder when 24063 is divided by 21.
18
What is the remainder when 212 is divided by 43?
40
Calculate the remainder when 47 is divided by 26.
21
Calculate the remainder when 581 is divided by 116.
1
Calculate the remainder when 191 is divided by 49.
44
What is the remainder when 277 is divided by 261?
16
Calculate the remainder when 663 is divided by 131.
8
What is the remainder when 17765 is divided by 126?
125
Calculate the remainder when 371 is divided by 62.
61
What is the remainder when 7263 is divided by 14?
11
What is the remainder when 571 is divided by 36?
31
What is the remainder when 240 is divided by 53?
28
What is the remainder when 158 is divided by 13?
2
Calculate the remainder when 1665 is divided by 133.
69
Calculate the remainder when 262 is divided by 128.
6
Calculate the remainder when 71 is divided by 31.
9
What is the remainder when 421 is divided by 150?
121
Calculate the remainder when 2495 is divided by 275.
20
Calculate the remainder when 62 is divided by 7.
6
What is the remainder when 42352 is divided by 362?
360
What is the remainder when 903 is divided by 153?
138
Calculate the remainder when 152 is divided by 79.
73
What is the remainder when 527 is divided by 152?
71
What is the remainder when 219 is divided by 64?
27
Calculate the remainder when 1157 is divided by 14.
9
What is the remainder when 3077 is divided by 55?
52
Calculate the remainder when 577 is divided by 20.
17
What is the remainder when 500 is divided by 14?
10
Calculate the remainder when 37 is divided by 6.
1
Calculate the remainder when 8616 is divided by 51.
48
Calculate the remainder when 1594 is divided by 94.
90
What is the remainder when 1206 is divided by 81?
72
What is the remainder when 274 is divided by 55?
54
Calculate the remainder when 162 is divided by 51.
9
Calculate the remainder when 265 is divided by 74.
43
Calculate the remainder when 92 is divided by 48.
44
Calculate the remainder when 640 is divided by 14.
10
Calculate the remainder when 1252 is divided by 157.
153
Calculate the remainder when 279 is divided by 101.
77
Calculate the remainder when 686 is divided by 53.
50
What is the remainder when 7053 is divided by 12?
9
What is the remainder when 2014 is divided by 32?
30
What is the remainder when 35 is divided by 8?
3
Calculate the remainder when 110 is divided by 46.
18
Calculate the remainder when 8687 is divided by 212.
207
What is the remainder when 371 is divided by 160?
51
Calculate the remainder when 59 is divided by 34.
25
What is the remainder when 135 is divided by 35?
30
Calculate the remainder when 121 is divided by 91.
30
What is the remainder when 69 is divided by 4?
1
Calculate the remainder when 107 is divided by 27.
26
Calculate the remainder when 2097 is divided by 344.
33
Calculate the remainder when 50 is divided by 38.
12
Calculate the remainder when 10776 is divided by 97.
9
Calculate the remainder when 185 is divided by 34.
15
What is the remainder when 114 is divided by 23?
22
Calculate the remainder when 10987 is divided by 5486.
15
Calculate the remainder when 834 is divided by 76.
74
Calculate the remainder when 318 is divided by 64.
62
What is the remainder when 44 is divided by 15?
14
Calculate the remainder when 57 is divided by 7.
1
Calculate the remainder when 1256 is divided by 60.
56
Calculate the remainder when 49 is divided by 40.
9
What is the remainder when 298 is divided by 86?
40
What is the remainder when 111 is divided by 20?
11
What is the remainder when 226 is divided by 39?
31
Calculate the remainder when 135 is divided by 68.
67
Calculate the remainder when 54681 is divided by 367.
365
Calculate the remainder when 182 is divided by 54.
20
Calculate the remainder when 963 is divided by 68.
11
Calculate the remainder when 3513 is divided by 12.
9
Calculate the remainder when 1476 is divided by 38.
32
Calculate the remainder when 7335 is divided by 28.
27
Calculate the remainder